{"version":"1.0","provider_name":"Yellow","provider_url":"https:\/\/yellow.cafeblog.hu","author_name":"Lilil\u00e1ny","author_url":"https:\/\/yellow.cafeblog.hu\/author\/lililany\/","title":"Katasztr\u00f3fa j\u00f6het a nyugd\u00edjakn\u00e1l","html":"<p><strong>A magyar nyugd\u00edjakra az \u00e1llam k\u00f6zel dupl\u00e1j\u00e1t k\u00f6lti, mint oktat\u00e1sra vagy az eg\u00e9szs\u00e9g\u00fcgyre, r\u00e1ad\u00e1sul ez a rendszer hosszabb t\u00e1von nem tudja mag\u00e1t finansz\u00edrozni, \u00f6nfinansz\u00edroz\u00f3 k\u00e9pess\u00e9ge csak 2033-ig megoldott. Mi lesz ut\u00e1na? - teszi fel a k\u00e9rd\u00e9st a <a href=\"https:\/\/www.napi.hu\/magyar_gazdasag\/katasztrofa_jon_a_nyugdijaknal_ezt_mindenki_megerzi.657357.html\" target=\"_blank\" rel=\"noopener\">Napi.hu.\u00a0<\/a><\/strong><\/p>\r\n<p><!--more--><\/p>\r\n<p><img class=\"alignnone size-full wp-image-3484\" src=\"https:\/\/yellow.cafeblog.hu\/files\/2018\/02\/old.jpeg\" alt=\"\" width=\"940\" height=\"529\" \/>A lap a Civitas Int\u00e9zet nyugd\u00edjkonferenci\u00e1j\u00e1n j\u00e1rt, ahol a fenti k\u00e9rd\u00e9sre kerest\u00e9k a v\u00e1laszt szakemberek.\u00a0<\/p>\r\n<p>Az elm\u00falt \u00e9vek v\u00e1ltoztat\u00e1sai ut\u00e1n szufficitess\u00e9 v\u00e1lt a nyugd\u00edjkassza, \u00e9s az m\u00e1r most is l\u00e1tszik, hogy ez a rendszer nem fenntarthat\u00f3; <strong>a pozit\u00edv egyenleg 2033-2035 k\u00f6r\u00fcl \u00e1tl\u00e9pi a null\u00e1t, azaz a mostani int\u00e9zked\u00e9sek hat\u00e1sa elt\u0171nik, innent\u0151l folyamatosan emelkedik a hi\u00e1ny, 2050-ben m\u00e1r a GDP 3-4 sz\u00e1zal\u00e9kn\u00e1l j\u00e1r a deficit <\/strong>- olvashat\u00f3 a Napi.hu-n<strong>.<\/strong><\/p>\r\n<p>Az egyre emelked\u0151 hi\u00e1nyt a fiataloknak kell valahogy el\u0151teremteni, <strong>hiszen a nyugd\u00edjkassza nem tudja mag\u00e1t hosszabb t\u00e1von finansz\u00edrozni<\/strong> - \u00edrja a Napi.hu\u00a0V\u00e9rtesy L\u00e1szl\u00f3, a Civitas\u00a0Int\u00e9zet Gazdas\u00e1gi \u00e9s T\u00e1rsadalomtudom\u00e1nyi Kutat\u00f3 Zrt. Zrt. vez\u00e9rigazgat\u00f3j\u00e1nak, a Nemzeti K\u00f6zszolg\u00e1lati Egyetem docens\u00e9nek el\u0151ad\u00e1sa nyom\u00e1n.\u00a0<\/p>\r\n<p>Botos J\u00f3zsef, az Orsz\u00e1gos T\u00e1rsadalombiztos\u00edt\u00e1si F\u0151igazgat\u00f3s\u00e1g kor\u00e1bbi f\u0151igazgat\u00f3ja szerint <strong>lesz nyugd\u00edja a mai fiataloknak. K\u00e9rd\u00e9s, mennyi.\u00a0<\/strong><\/p>\r\n<p>\"Egyr\u00e9szt massz\u00edvan n\u00f6vekszik a nyugd\u00edjasok sz\u00e1ma, ami miatt politikai - mivel egyre nagyobb r\u00e9sz\u00e9t adj\u00e1k a szavaz\u00f3t\u00e1bornak - \u00e9s etikai alapon nem lehet hagyni, hogy k\u00e9tmilli\u00f3 ember az \u00e9hhal\u00e1l sz\u00e9l\u00e9re sodr\u00f3djon az\u00e9rt, mert nincs nyugd\u00edja. M\u00e1sr\u00e9szt ez a massz\u00edv r\u00e9teg nem z\u00e1rhat\u00f3 ki a t\u00e1rsadalomb\u00f3l, hiszen 35-40 \u00e9vig hozz\u00e1j\u00e1rultak a nemzeti vagyon gyarapod\u00e1s\u00e1hoz, ez\u00e9rt jogot is szereztek erre a juttat\u00e1sra. Az viszont m\u00e1r m\u00e1s k\u00e9rd\u00e9s, hogy mennyi lesz a nyugd\u00edj\" - id\u00e9zi a szak\u00e9rt\u0151t a lap.\u00a0<\/p>\r\n<p>Azt is mondta, a\u00a0pesszimista verzi\u00f3 szerint 2026-ban m\u00e9g a befoly\u00f3 j\u00e1rul\u00e9kok fedezik a nyugd\u00edjkiad\u00e1sokat, <strong>de ut\u00e1na 2056-ban m\u00e1r csak 39 sz\u00e1zal\u00e9kos lesz a mostani 71 sz\u00e1zal\u00e9kos helyettes\u00edt\u00e9si r\u00e1ta.<\/strong><\/p>\r\n<p>Varga Zsolt, a Somogy megyei nyugd\u00edj-biztos\u00edt\u00e1si igazgat\u00f3s\u00e1g volt igazgat\u00f3ja a rendezv\u00e9nyen azt mondta:\u00a0van m\u00e9g egy kis id\u0151\" arra, hogy ne t\u00f6rt\u00e9njenek visszaford\u00edthatatlan k\u00f6vetkezm\u00e9nyek - \u00edrja a Napi.hu.<\/p>\r\n<p>A teljes cikk<a href=\"https:\/\/www.napi.hu\/magyar_gazdasag\/katasztrofa_jon_a_nyugdijaknal_ezt_mindenki_megerzi.657357.html\" target=\"_blank\" rel=\"noopener\"> ITT<\/a> olvashat\u00f3.\u00a0<\/p>","type":"rich","thumbnail_url":null,"thumbnail_width":null,"thumbnail_height":null}

Lililány

Katasztrófa jöhet a nyugdíjaknál

<p><strong>A magyar nyugdíjakra az állam közel dupláját költi, mint oktatásra vagy az egészségügyre, ráadásul ez a rendszer hosszabb távon nem tudja magát finanszírozni, önfinanszírozó képessége csak 2033-ig megoldott. Mi lesz utána? - teszi fel a kérdést a <a href="https://www.napi.hu/magyar_gazdasag/katasztrofa_jon_a_nyugdijaknal_ezt_mindenki_megerzi.657357.html" target="_blank" rel="noopener">Napi.hu. </a></strong></p>
<p><!--more--></p>
<p><img class="alignnone size-full wp-image-3484" src="https://yellow.cafeblog.hu/files/2018/02/old.jpeg" alt="" width="940" height="529" />A lap a Civitas Intézet nyugdíjkonferenciáján járt, ahol a fenti kérdésre keresték a választ szakemberek. </p>
<p>Az elmúlt évek változtatásai után szufficitessé vált a nyugdíjkassza, és az már most is látszik, hogy ez a rendszer nem fenntartható; <strong>a pozitív egyenleg 2033-2035 körül átlépi a nullát, azaz a mostani intézkedések hatása eltűnik, innentől folyamatosan emelkedik a hiány, 2050-ben már a GDP 3-4 százaléknál jár a deficit </strong>- olvasható a Napi.hu-n<strong>.</strong></p>
<p>Az egyre emelkedő hiányt a fiataloknak kell valahogy előteremteni, <strong>hiszen a nyugdíjkassza nem tudja magát hosszabb távon finanszírozni</strong> - írja a Napi.hu Vértesy László, a Civitas Intézet Gazdasági és Társadalomtudományi Kutató Zrt. Zrt. vezérigazgatójának, a Nemzeti Közszolgálati Egyetem docensének előadása nyomán. </p>
<p>Botos József, az Országos Társadalombiztosítási Főigazgatóság korábbi főigazgatója szerint <strong>lesz nyugdíja a mai fiataloknak. Kérdés, mennyi. </strong></p>
<p>"Egyrészt masszívan növekszik a nyugdíjasok száma, ami miatt politikai - mivel egyre nagyobb részét adják a szavazótábornak - és etikai alapon nem lehet hagyni, hogy kétmillió ember az éhhalál szélére sodródjon azért, mert nincs nyugdíja. Másrészt ez a masszív réteg nem zárható ki a társadalomból, hiszen 35-40 évig hozzájárultak a nemzeti vagyon gyarapodásához, ezért jogot is szereztek erre a juttatásra. Az viszont már más kérdés, hogy mennyi lesz a nyugdíj" - idézi a szakértőt a lap. </p>
<p>Azt is mondta, a pesszimista verzió szerint 2026-ban még a befolyó járulékok fedezik a nyugdíjkiadásokat, <strong>de utána 2056-ban már csak 39 százalékos lesz a mostani 71 százalékos helyettesítési ráta.</strong></p>
<p>Varga Zsolt, a Somogy megyei nyugdíj-biztosítási igazgatóság volt igazgatója a rendezvényen azt mondta: van még egy kis idő" arra, hogy ne történjenek visszafordíthatatlan következmények - írja a Napi.hu.</p>
<p>A teljes cikk<a href="https://www.napi.hu/magyar_gazdasag/katasztrofa_jon_a_nyugdijaknal_ezt_mindenki_megerzi.657357.html" target="_blank" rel="noopener"> ITT</a> olvasható. </p>
