{"version":"1.0","provider_name":"Yellow","provider_url":"https:\/\/yellow.cafeblog.hu","author_name":"Lilil\u00e1ny","author_url":"https:\/\/yellow.cafeblog.hu\/author\/lililany\/","title":"Durva kommenteket kap \u00d3nodi Eszter","html":"<p><strong>Gy\u0171l\u00f6lik a n\u00e9pszer\u0171 sz\u00edn\u00e9szn\u0151 karakter\u00e9t.<\/strong><\/p>\r\n<p><!--more--><\/p>\r\n<p>\"Tavaly arra voltam b\u00fcszke, hogy egy negat\u00edv karakter megform\u00e1l\u00e1s\u00e1val nyertem, id\u00e9n, ha lehet ezt mondani, m\u00e9g tov\u00e1bb \u00e1rnyaltam ezt a k\u00e9pet, hiszen <strong>a figura, amit j\u00e1tszom, m\u00e9g negat\u00edvabb lett\"\u00a0<\/strong>- fogalmazott a<a href=\"http:\/\/www.borsonline.hu\/celeb\/onodi-esztert-gyulolik-a-nezok\/129705\" target=\"_blank\"> Bors Online<\/a> c\u00edm\u0171 lapnak adott interj\u00faj\u00e1ban \u00d3nodi Eszter, aki id\u00e9n is megkapta a telev\u00edzi\u00f3s \u00fajs\u00e1g\u00edr\u00f3kt\u00f3l a legjobb sz\u00edn\u00e9szn\u0151 d\u00edj\u00e1t a Arany\u00e9letben alak\u00edtott<strong> Janka<\/strong> megform\u00e1l\u00e1s\u00e1\u00e9rt.\u00a0<\/p>\r\n<p>\u00c1m <strong>a rajong\u00f3k folyamatosan szidj\u00e1k a velej\u00e9ig gonosz karaktert<\/strong>.\u00a0<\/p>\r\n<p>A sz\u00edn\u00e9szn\u0151 elmes\u00e9lte, hogy id\u00e9n\u00a0a n\u00e9z\u0151k, <strong>az Arany\u00e9let-rajong\u00f3k szem\u00e9ben \u0151 maga\u00a0a s\u00e1t\u00e1n, a megtestes\u00fclt gonosz.<\/strong><\/p>\r\n<p>Ennek hangot is adnak a sorozat Facebook-oldal\u00e1n k\u00fcl\u00f6nb\u00f6z\u0151 <strong>indulatos bejegyz\u00e9sekben, p\u00e9ld\u00e1ul ezalatt a cikk alatt is.<\/strong><\/p>\r\n<p><iframe style=\"border: none;overflow: hidden\" src=\"https:\/\/www.facebook.com\/plugins\/post.php?href=https%3A%2F%2Fwww.facebook.com%2Faranyelet.hbo%2Fposts%2F597102387160125&amp;width=500\" width=\"500\" height=\"521\" frameborder=\"0\" scrolling=\"no\"><\/iframe><\/p>\r\n<p>\"Val\u00f3sz\u00edn\u0171leg tudatos forgat\u00f3k\u00f6nyv\u00edr\u00f3i fordulat volt, hogy az <strong>Anger Zsolt j\u00e1tszotta Holl\u00f3s Endre karakter\u00e9t megszerettetik a n\u00e9z\u0151kkel<\/strong>, majd egy adott ponton s\u00falyosan elb\u00e1nok vele. Ez nyilv\u00e1n nagyon sok embern\u00e9l kiverte a biztos\u00edt\u00e9kot. Annak az\u00e9rt \u00f6r\u00fcl\u00f6k, hogy egy kis sz\u00e1zal\u00e9kt\u00f3l eltekintve tudnak k\u00fcl\u00f6nbs\u00e9get tenni a karakter \u00e9s k\u00f6ztem\" - fogalmazott az interj\u00faban \u00d3nodi Eszter.\u00a0<\/p>\r\n<p>\u00d3nodi Eszter\u00a0arr\u00f3l is besz\u00e9lt, hogy \u00fagy v\u00e9li, nagyon a forgat\u00f3k\u00f6nyv, profi a megval\u00f3s\u00edt\u00e1s, \u00e9s magas sz\u00ednvonal\u00fa a rendez\u0151i, valamint a sz\u00edn\u00e9szi munka.<\/p>\r\n<p>\"Mindannyiunk sz\u00e1m\u00e1ra ismert probl\u00e9m\u00e1kr\u00f3l sz\u00f3l, nagyon er\u0151s t\u00fckr\u00f6t tart a mai magyar val\u00f3s\u00e1g el\u00e9\" - mondta \u00d3nodi Eszter.\u00a0<\/p>","type":"rich"}

Lililány

Durva kommenteket kap Ónodi Eszter

<p><strong>Gyűlölik a népszerű színésznő karakterét.</strong></p>
<p><!--more--></p>
<p>"Tavaly arra voltam büszke, hogy egy negatív karakter megformálásával nyertem, idén, ha lehet ezt mondani, még tovább árnyaltam ezt a képet, hiszen <strong>a figura, amit játszom, még negatívabb lett" </strong>- fogalmazott a<a href="http://www.borsonline.hu/celeb/onodi-esztert-gyulolik-a-nezok/129705" target="_blank"> Bors Online</a> című lapnak adott interjújában Ónodi Eszter, aki idén is megkapta a televíziós újságíróktól a legjobb színésznő díját a Aranyéletben alakított<strong> Janka</strong> megformálásáért. </p>
<p>Ám <strong>a rajongók folyamatosan szidják a velejéig gonosz karaktert</strong>. </p>
<p>A színésznő elmesélte, hogy idén a nézők, <strong>az Aranyélet-rajongók szemében ő maga a sátán, a megtestesült gonosz.</strong></p>
<p>Ennek hangot is adnak a sorozat Facebook-oldalán különböző <strong>indulatos bejegyzésekben, például ezalatt a cikk alatt is.</strong></p>
<p><iframe style="border: none;overflow: hidden" src="https://www.facebook.com/plugins/post.php?href=https%3A%2F%2Fwww.facebook.com%2Faranyelet.hbo%2Fposts%2F597102387160125&amp;width=500" width="500" height="521" frameborder="0" scrolling="no"></iframe></p>
<p>"Valószínűleg tudatos forgatókönyvírói fordulat volt, hogy az <strong>Anger Zsolt játszotta Hollós Endre karakterét megszerettetik a nézőkkel</strong>, majd egy adott ponton súlyosan elbánok vele. Ez nyilván nagyon sok embernél kiverte a biztosítékot. Annak azért örülök, hogy egy kis százaléktól eltekintve tudnak különbséget tenni a karakter és köztem" - fogalmazott az interjúban Ónodi Eszter. </p>
<p>Ónodi Eszter arról is beszélt, hogy úgy véli, nagyon a forgatókönyv, profi a megvalósítás, és magas színvonalú a rendezői, valamint a színészi munka.</p>
<p>"Mindannyiunk számára ismert problémákról szól, nagyon erős tükröt tart a mai magyar valóság elé" - mondta Ónodi Eszter. </p>
