{"version":"1.0","provider_name":"Yellow","provider_url":"https:\/\/yellow.cafeblog.hu","author_name":"Lilil\u00e1ny","author_url":"https:\/\/yellow.cafeblog.hu\/author\/lililany\/","title":"Radics Gigi titkos rajong\u00f3ja vallott","html":"<p><strong>Vil\u00e1gszerte ismert zen\u00e9sszel k\u00e9sz\u00fclt k\u00f6z\u00f6s fot\u00f3, amelyet a h\u00edres zen\u00e9sz Facebook-oldal\u00e1n osztott meg n\u00e9h\u00e1ny gondolattal.\u00a0<\/strong><!--more--><\/p>\r\n<p>Szombat este der\u00fcl ki, ki k\u00e9pviseli id\u00e9n Magyarorsz\u00e1got az Eurov\u00edzi\u00f3s Dalfesztiv\u00e1lon. Radics Gigi is igen es\u00e9lyes, r\u00e1ad\u00e1sul nemcsak itthon drukkolnak neki sz\u00e1p sz\u00e1mmal, de Quincy Jones vil\u00e1gh\u00edr\u0171 jazz-zen\u00e9sz is izgul a l\u00e1ny siker\u00e9\u00e9rt - \u00edrja a <a href=\"https:\/\/ripost.hu\/cikk-vilagsztar-szurkol-radics-giginek\" target=\"_blank\">Ripost<\/a>.\u00a0<\/p>\r\n<p>[embed]https:\/\/www.facebook.com\/radicsgigihivatalos\/photos\/a.250319251733363.51101.214547528643869\/1176004092498203\/?type=3&theater[\/embed]<\/p>\r\n<p>A zen\u00e9sz Facebook-oldal\u00e1n azt \u00edrja az \u00e9nekesn\u0151r\u0151l, hogy m\u00e9g csa 15 \u00e9ves volt, amikor megismerkedtek, de a Montreaux-i jazzfesztiv\u00e1lon m\u00e1r akkor is lehengerl\u0151 produkci\u00f3val lopta be mag\u00e1t mindenki sz\u00edv\u00e9be.\u00a0<\/p>\r\n<p>\"B\u00fcszke vagyok r\u00e1d, Radics Gigi\" - \u00edrja Quincy Jones, aki nagyon drukkol Giginek, hogy megnyerje a dalversenyt.<\/p>\r\n<p>&nbsp;<\/p>\r\n<p>&nbsp;<\/p>","type":"rich"}

Lililány

Radics Gigi titkos rajongója vallott

<p><strong>Világszerte ismert zenésszel készült közös fotó, amelyet a híres zenész Facebook-oldalán osztott meg néhány gondolattal. </strong><!--more--></p>
<p>Szombat este derül ki, ki képviseli idén Magyarországot az Eurovíziós Dalfesztiválon. Radics Gigi is igen esélyes, ráadásul nemcsak itthon drukkolnak neki száp számmal, de Quincy Jones világhírű jazz-zenész is izgul a lány sikeréért - írja a <a href="https://ripost.hu/cikk-vilagsztar-szurkol-radics-giginek" target="_blank">Ripost</a>. </p>
<p>[embed]https://www.facebook.com/radicsgigihivatalos/photos/a.250319251733363.51101.214547528643869/1176004092498203/?type=3&theater[/embed]</p>
<p>A zenész Facebook-oldalán azt írja az énekesnőről, hogy még csa 15 éves volt, amikor megismerkedtek, de a Montreaux-i jazzfesztiválon már akkor is lehengerlő produkcióval lopta be magát mindenki szívébe. </p>
<p>"Büszke vagyok rád, Radics Gigi" - írja Quincy Jones, aki nagyon drukkol Giginek, hogy megnyerje a dalversenyt.</p>
<p>&nbsp;</p>
<p>&nbsp;</p>
